{"version":"1.0","provider_name":"","provider_url":"https:\/\/lolz.cafeblog.hu","author_name":"M\u00e1zli","author_url":"https:\/\/lolz.cafeblog.hu\/author\/gini-papp\/","title":"Mi az el\u0151nye, ha elm\u00falt\u00e1l hatvan \u00e9ves?","html":"<p><img class=\"aligncenter size-large wp-image-1776\" src=\"https:\/\/lolz.cafeblog.hu\/files\/2018\/02\/60-600x400.jpg\" alt=\"\" width=\"600\" height=\"400\" \/><\/p>\r\n<p><strong>1. Az emberrabl\u00f3kat nem igaz\u00e1n \u00e9rdekled.<\/strong><\/p>\r\n<p><strong>2. T\u00faszhelyzetben val\u00f3sz\u00edn\u0171leg t\u00e9ged engednek el els\u0151k\u00e9nt.<\/strong><\/p>\r\n<div class=\"text_exposed_show\">\r\n<p><strong>3. Senki sem v\u00e1rja el t\u0151led, hogy b\u00e1rhov\u00e1 is szaladj.<\/strong><\/p>\r\n<p><strong>4. Amikor este 9-kor felh\u00edvnak, megk\u00e9rdezik 'Nem \u00e9bresztettelek fel?'<\/strong><\/p>\r\n<p><strong>5. Az emberek m\u00e1r nem gondolj\u00e1k azt, hogy hipochonder vagy.<\/strong><\/p>\r\n<p><strong>6. M\u00e1r nincs semmi, amit a nehezebb \u00faton kellene megtanulnod.<\/strong><\/p>\r\n<p><strong>7. A most v\u00e1s\u00e1rolt dolgaid m\u00e1r nem haszn\u00e1l\u00f3dnak el.<\/strong><\/p>\r\n<p><strong>8. D\u00e9lut\u00e1n 4-kor is vacsor\u00e1zhatsz.<\/strong><\/p>\r\n<p><strong>9. Szex n\u00e9lk\u00fcl \u00e9lhetsz, de a szem\u00fcveged n\u00e9lk\u00fcl nem.<\/strong><\/p>\r\n<p><strong>10. Heves vit\u00e1kba bonyol\u00f3dsz a nyugd\u00edjrendszerr\u0151l.<\/strong><\/p>\r\n<p><strong>11. M\u00e1r nem kih\u00edv\u00e1sk\u00e9nt gondolsz a sebess\u00e9gkorl\u00e1toz\u00e1sra.<\/strong><\/p>\r\n<p><strong>12. M\u00e1r nem pr\u00f3b\u00e1lod meg beh\u00fazni a hasad, b\u00e1rki is j\u00f6n be a szob\u00e1ba.<\/strong><\/p>\r\n<p><strong>13. Egy\u00fctt \u00e9nekelsz a liftben a hangsz\u00f3r\u00f3val.<\/strong><\/p>\r\n<p><strong>14. A szemed m\u00e1r nem lesz sokkal rosszabb.<\/strong><\/p>\r\n<p><strong>15. Az eg\u00e9szs\u00e9gbiztos\u00edt\u00f3nak befizetett \u00f6sszeg v\u00e9gre kezd kifizet\u0151dni.<\/strong><\/p>\r\n<p><strong>16. \u00cdz\u00fcleteid pontosabb meteorol\u00f3gusok, mint a nemzeti id\u00f5j\u00e1r\u00e1si szolg\u00e1lat.<\/strong><\/p>\r\n<p><strong>17. Titkaid biztons\u00e1gban vannak a bar\u00e1taidn\u00e1l, mert \u0151k sem eml\u00e9keznek r\u00e1juk.<\/strong><\/p>\r\n<p><strong>18. Agysejtjeid sz\u00e1ma v\u00e9gre kezelhet\u0151 m\u00e9ret\u0171v\u00e9 cs\u00f6kkent.<\/strong><\/p>\r\n<p><strong>19. Nem eml\u00e9kszel, ki k\u00fcldte neked ezt a list\u00e1t.<\/strong><\/p>\r\n<p><strong>20. \u00c9s felt\u0171nik, hogy k\u00e9nyelmed \u00e9rdek\u00e9ben ennek a sz\u00f6vegnek nagy a bet\u0171m\u00e9rete.<\/strong><\/p>\r\n<p><strong>Tov\u00e1bb\u00edtsd ezt mindenkinek, akinek m\u00e9g eszedbe jut a neve!<\/strong><\/p>\r\n<ul>\r\n<li><strong><a href=\"https:\/\/zacc.cafeblog.hu\/2016\/04\/18\/hipszter-nagypapak-imadjuk-a-stilusukat\/\" target=\"_blank\" rel=\"noopener\">Hipszter nagypap\u00e1k, im\u00e1djuk a st\u00edlusukat #1\u2013 itt!<\/a><\/strong><\/li>\r\n<li><strong><a href=\"https:\/\/zacc.cafeblog.hu\/2017\/02\/17\/hipszter-nagypapak-imadjuk-a-stilusukat-2\/\" target=\"_blank\" rel=\"noopener\">Hipszter nagypap\u00e1k, im\u00e1djuk a st\u00edlusukat! #2<\/a><\/strong><\/li>\r\n<li><strong><a href=\"https:\/\/zacc.cafeblog.hu\/2016\/05\/09\/60-ev-felett-is-lehetunk-stilusosak-figyeld-csak-oket\/\" target=\"_blank\" rel=\"noopener\">60 \u00e9v felett is lehet\u00fcnk st\u00edlusosak, figyeld csak \u0151ket! Kattints ide a k\u00e9pek\u00e9rt!<\/a><\/strong><\/li>\r\n<li><strong><a href=\"https:\/\/illuzio.cafeblog.hu\/2016\/04\/20\/ha-kapuzarasi-panikban-szenvedsz-ez-a-te-olvasnivalod\/\" target=\"_blank\" rel=\"noopener\">Ha kapuz\u00e1r\u00e1si p\u00e1nikt\u00f3l szenvedsz, ez a te olvasnival\u00f3d!\u00a0\ud83d\ude00\u00a0Kattints ide!<\/a><\/strong><\/li>\r\n<li><strong><a href=\"https:\/\/illuzio.cafeblog.hu\/2015\/09\/22\/vallalhatatlan-tarskereso-profilok-ez-feldobja-a-napodat-fotok\/\" target=\"_blank\" rel=\"noopener\">V\u00e1llalhatatlan t\u00e1rskeres\u0151 profilok, ez feldobja a napodat!<\/a><\/strong><\/li>\r\n<li><strong><a href=\"https:\/\/zacc.cafeblog.hu\/2015\/02\/11\/vallalhatatlan-valentin-napi-fotok-szerelmesparok-doszt\/\" target=\"_blank\" rel=\"noopener\">V\u00e1llalhatatlan Valentin-napi fot\u00f3k \u2013 szerelmesp\u00e1rok doszt!<\/a><\/strong><\/li>\r\n<li><strong><a href=\"https:\/\/illuzio.cafeblog.hu\/2015\/06\/02\/azok-a-vallalhatatlan-70-es-evek-szivdogleszto-modell-fiukkal-fotok\/\" target=\"_blank\" rel=\"noopener\">Azok a v\u00e1llalhatatlan 70-es \u00e9vek, sz\u00edvd\u00f6gleszt\u0151 modell fi\u00fakkal!<\/a><\/strong><\/li>\r\n<li><strong><a href=\"https:\/\/illuzio.cafeblog.hu\/2017\/01\/10\/naray-tamas-271-tanacsa-a-sikerhez\/\" target=\"_blank\" rel=\"noopener\">N\u00e1ray Tam\u00e1s 27+1 tan\u00e1csa a sikerhez<\/a><\/strong><\/li>\r\n<li><strong><a href=\"https:\/\/illuzio.cafeblog.hu\/2016\/02\/29\/vallalhatatlan-szelfi-kiralyok-akcioban\/\" target=\"_blank\" rel=\"noopener\">V\u00e1llalhatatlan szelfi kir\u00e1lyok akci\u00f3ban<\/a><\/strong><\/li>\r\n<li><strong><a href=\"https:\/\/zacc.cafeblog.hu\/2014\/06\/10\/vallalhatatlan-csaladi-fotok-valld-be-hianyoztak-mar-sorozat\/\" target=\"_blank\" rel=\"noopener\">V\u00e1llalhatatlan k\u00e9pek m\u00e9g d\u00f6givel ITT is!<\/a><\/strong><\/li>\r\n<li><strong><a href=\"https:\/\/zacc.cafeblog.hu\/2014\/12\/25\/vallalhatatlan-orosz-pillanatkepek-a-kozossegi-mediabol-fotok\/\" target=\"_blank\" rel=\"noopener\">Oroszokr\u00f3l fot\u00f3kat m\u00e9g-m\u00e9g-m\u00e9g! Kattints ide \u00e9rt\u00fck!<\/a><\/strong><\/li>\r\n<li><strong><a href=\"https:\/\/zacc.cafeblog.hu\/2014\/04\/27\/29-total-bizarr-csaladi-foto-amitol-zavarba-jossz-fotok\/\" target=\"_blank\" rel=\"noopener\">Tov\u00e1bbi bizarr csal\u00e1di fot\u00f3k\u00e9rt ide kattints!<\/a><\/strong><\/li>\r\n<\/ul>\r\n<\/div>","type":"rich","thumbnail_url":"https:\/\/lolz.cafeblog.hu\/files\/2018\/02\/60-150x150.jpg","thumbnail_width":150,"thumbnail_height":150}

Mázli

Mi az előnye, ha elmúltál hatvan éves?

<p><img class="aligncenter size-large wp-image-1776" src="https://lolz.cafeblog.hu/files/2018/02/60-600x400.jpg" alt="" width="600" height="400" /></p>
<p><strong>1. Az emberrablókat nem igazán érdekled.</strong></p>
<p><strong>2. Túszhelyzetben valószínűleg téged engednek el elsőként.</strong></p>
<div class="text_exposed_show">
<p><strong>3. Senki sem várja el tőled, hogy bárhová is szaladj.</strong></p>
<p><strong>4. Amikor este 9-kor felhívnak, megkérdezik 'Nem ébresztettelek fel?'</strong></p>
<p><strong>5. Az emberek már nem gondolják azt, hogy hipochonder vagy.</strong></p>
<p><strong>6. Már nincs semmi, amit a nehezebb úton kellene megtanulnod.</strong></p>
<p><strong>7. A most vásárolt dolgaid már nem használódnak el.</strong></p>
<p><strong>8. Délután 4-kor is vacsorázhatsz.</strong></p>
<p><strong>9. Szex nélkül élhetsz, de a szemüveged nélkül nem.</strong></p>
<p><strong>10. Heves vitákba bonyolódsz a nyugdíjrendszerről.</strong></p>
<p><strong>11. Már nem kihívásként gondolsz a sebességkorlátozásra.</strong></p>
<p><strong>12. Már nem próbálod meg behúzni a hasad, bárki is jön be a szobába.</strong></p>
<p><strong>13. Együtt énekelsz a liftben a hangszóróval.</strong></p>
<p><strong>14. A szemed már nem lesz sokkal rosszabb.</strong></p>
<p><strong>15. Az egészségbiztosítónak befizetett összeg végre kezd kifizetődni.</strong></p>
<p><strong>16. Ízületeid pontosabb meteorológusok, mint a nemzeti idõjárási szolgálat.</strong></p>
<p><strong>17. Titkaid biztonságban vannak a barátaidnál, mert ők sem emlékeznek rájuk.</strong></p>
<p><strong>18. Agysejtjeid száma végre kezelhető méretűvé csökkent.</strong></p>
<p><strong>19. Nem emlékszel, ki küldte neked ezt a listát.</strong></p>
<p><strong>20. És feltűnik, hogy kényelmed érdekében ennek a szövegnek nagy a betűmérete.</strong></p>
<p><strong>Továbbítsd ezt mindenkinek, akinek még eszedbe jut a neve!</strong></p>
<ul>
<li><strong><a href="https://zacc.cafeblog.hu/2016/04/18/hipszter-nagypapak-imadjuk-a-stilusukat/" target="_blank" rel="noopener">Hipszter nagypapák, imádjuk a stílusukat #1– itt!</a></strong></li>
<li><strong><a href="https://zacc.cafeblog.hu/2017/02/17/hipszter-nagypapak-imadjuk-a-stilusukat-2/" target="_blank" rel="noopener">Hipszter nagypapák, imádjuk a stílusukat! #2</a></strong></li>
<li><strong><a href="https://zacc.cafeblog.hu/2016/05/09/60-ev-felett-is-lehetunk-stilusosak-figyeld-csak-oket/" target="_blank" rel="noopener">60 év felett is lehetünk stílusosak, figyeld csak őket! Kattints ide a képekért!</a></strong></li>
<li><strong><a href="https://illuzio.cafeblog.hu/2016/04/20/ha-kapuzarasi-panikban-szenvedsz-ez-a-te-olvasnivalod/" target="_blank" rel="noopener">Ha kapuzárási pániktól szenvedsz, ez a te olvasnivalód! 😀 Kattints ide!</a></strong></li>
<li><strong><a href="https://illuzio.cafeblog.hu/2015/09/22/vallalhatatlan-tarskereso-profilok-ez-feldobja-a-napodat-fotok/" target="_blank" rel="noopener">Vállalhatatlan társkereső profilok, ez feldobja a napodat!</a></strong></li>
<li><strong><a href="https://zacc.cafeblog.hu/2015/02/11/vallalhatatlan-valentin-napi-fotok-szerelmesparok-doszt/" target="_blank" rel="noopener">Vállalhatatlan Valentin-napi fotók – szerelmespárok doszt!</a></strong></li>
<li><strong><a href="https://illuzio.cafeblog.hu/2015/06/02/azok-a-vallalhatatlan-70-es-evek-szivdogleszto-modell-fiukkal-fotok/" target="_blank" rel="noopener">Azok a vállalhatatlan 70-es évek, szívdöglesztő modell fiúkkal!</a></strong></li>
<li><strong><a href="https://illuzio.cafeblog.hu/2017/01/10/naray-tamas-271-tanacsa-a-sikerhez/" target="_blank" rel="noopener">Náray Tamás 27+1 tanácsa a sikerhez</a></strong></li>
<li><strong><a href="https://illuzio.cafeblog.hu/2016/02/29/vallalhatatlan-szelfi-kiralyok-akcioban/" target="_blank" rel="noopener">Vállalhatatlan szelfi királyok akcióban</a></strong></li>
<li><strong><a href="https://zacc.cafeblog.hu/2014/06/10/vallalhatatlan-csaladi-fotok-valld-be-hianyoztak-mar-sorozat/" target="_blank" rel="noopener">Vállalhatatlan képek még dögivel ITT is!</a></strong></li>
<li><strong><a href="https://zacc.cafeblog.hu/2014/12/25/vallalhatatlan-orosz-pillanatkepek-a-kozossegi-mediabol-fotok/" target="_blank" rel="noopener">Oroszokról fotókat még-még-még! Kattints ide értük!</a></strong></li>
<li><strong><a href="https://zacc.cafeblog.hu/2014/04/27/29-total-bizarr-csaladi-foto-amitol-zavarba-jossz-fotok/" target="_blank" rel="noopener">További bizarr családi fotókért ide kattints!</a></strong></li>
</ul>
</div>
